{"id":166,"date":"2024-03-27T12:43:22","date_gmt":"2024-03-27T15:43:22","guid":{"rendered":"https:\/\/agualuzacabamentos.com.br\/?post_type=product&#038;p=166"},"modified":"2025-07-29T10:13:00","modified_gmt":"2025-07-29T13:13:00","slug":"argamassa-ac3-fassa-bortolo","status":"publish","type":"product","link":"https:\/\/agualuzacabamentos.com.br\/?product=argamassa-ac3-fassa-bortolo","title":{"rendered":"Argamassa AC3 Fassa Bortolo"},"content":{"rendered":"<p>FASSA.COLA FACHADAS &#8211; PEDRAS E GRANDES FORMATOS AC III E \u00e9 utilizada para o assentamento de:<\/p>\n<p>Cer\u00e2micas e porcelanatos de at\u00e9 140 x 140 cm e pastilhas em ambientes internos e externos, tanto em pisos quanto em paredes (exceto fachadas); para assentamento em fachadas, cer\u00e2micas e porcelanatos com at\u00e9 60 x 60 cm<\/p>\n<p>Porcelanatos de baixa espessura, at\u00e9 5,5 mm<\/p>\n<p>Assentamento de pedra natural, m\u00e1rmore e granito est\u00e1veis \u00e0 umidade e n\u00e3o sujeitos \u00e0 manchas de at\u00e9 140 x 140 cm em \u00e1reas internas e 80 x 80 cm em \u00e1reas externas (exceto fachadas); para assentamento em fachadas, entre em contato com assist\u00eancia t\u00e9cnica Fassa<\/p>\n<p>Sobreposi\u00e7\u00e3o de pisos pr\u00e9-existentes, de cer\u00e2micas, porcelanatos de at\u00e9 100 x 100 cm, em ambientes internos e externos<\/p>\n<p>Assentamento de cer\u00e2micas em piscinas e saunas<\/p>\n<p>Assentamento em ambientes com alto tr\u00e1fego de pedestres<\/p>\n<p>Assentamento em piso com sistema de aquecimento no pavimento<\/p>\n<p>N\u00e3o utilizar nos seguintes casos:<\/p>\n<p>Assentamento de pedras naturais sens\u00edveis a umidade e manchas<\/p>\n<p>Assentamento em superf\u00edcies com elevadas temperaturas (acima de 70\u00b0C)<\/p>\n","protected":false},"excerpt":{"rendered":"<p>FASSA.COLA FACHADAS &#8211; PEDRAS E GRANDES FORMATOS AC III E \u00e9 utilizada para o assentamento de: Cer\u00e2micas e porcelanatos de&hellip;<\/p>\n","protected":false},"featured_media":167,"template":"","meta":[],"product_brand":[],"product_cat":[24],"product_tag":[],"class_list":{"0":"post-166","1":"product","2":"type-product","3":"status-publish","4":"has-post-thumbnail","6":"product_cat-argamassa","8":"first","9":"instock","10":"shipping-taxable","11":"purchasable","12":"product-type-simple"},"_links":{"self":[{"href":"https:\/\/agualuzacabamentos.com.br\/index.php?rest_route=\/wp\/v2\/product\/166","targetHints":{"allow":["GET"]}}],"collection":[{"href":"https:\/\/agualuzacabamentos.com.br\/index.php?rest_route=\/wp\/v2\/product"}],"about":[{"href":"https:\/\/agualuzacabamentos.com.br\/index.php?rest_route=\/wp\/v2\/types\/product"}],"wp:featuredmedia":[{"embeddable":true,"href":"https:\/\/agualuzacabamentos.com.br\/index.php?rest_route=\/wp\/v2\/media\/167"}],"wp:attachment":[{"href":"https:\/\/agualuzacabamentos.com.br\/index.php?rest_route=%2Fwp%2Fv2%2Fmedia&parent=166"}],"wp:term":[{"taxonomy":"product_brand","embeddable":true,"href":"https:\/\/agualuzacabamentos.com.br\/index.php?rest_route=%2Fwp%2Fv2%2Fproduct_brand&post=166"},{"taxonomy":"product_cat","embeddable":true,"href":"https:\/\/agualuzacabamentos.com.br\/index.php?rest_route=%2Fwp%2Fv2%2Fproduct_cat&post=166"},{"taxonomy":"product_tag","embeddable":true,"href":"https:\/\/agualuzacabamentos.com.br\/index.php?rest_route=%2Fwp%2Fv2%2Fproduct_tag&post=166"}],"curies":[{"name":"wp","href":"https:\/\/api.w.org\/{rel}","templated":true}]}}